d by 2925?
315
What is the remainder when 60674524 is divided by 10?
4
Calculate the remainder when 479414 is divided by 28197.
65
What is the remainder when 113390 is divided by 85?
0
What is the remainder when 2451936 is divided by 2227?
9
What is the remainder when 1045506 is divided by 74672?
98
What is the remainder when 66971585 is divided by 67?
60
What is the remainder when 17821413 is divided by 8910705?
3
What is the remainder when 24130375 is divided by 4340?
4315
Calculate the remainder when 130823 is divided by 664.
15
What is the remainder when 477661 is divided by 6124?
6113
What is the remainder when 21367178 is divided by 1047?
2
What is the remainder when 11428320 is divided by 144?
48
Calculate the remainder when 3762421 is divided by 221309.
168
Calculate the remainder when 11246144 is divided by 12.
8
What is the remainder when 259414 is divided by 3869?
191
Calculate the remainder when 419162 is divided by 5.
2
What is the remainder when 58378486 is divided by 4?
2
What is the remainder when 44150 is divided by 2948?
2878
Calculate the remainder when 7877717 is divided by 30893.
2
Calculate the remainder when 84500 is divided by 5879.
2194
Calculate the remainder when 403000 is divided by 225.
25
Calculate the remainder when 4380233 is divided by 17.
13
What is the remainder when 623427 is divided by 13848?
267
What is the remainder when 62110610 is divided by 248?
2
What is the remainder when 1451642 is divided by 8014?
1108
What is the remainder when 1795142 is divided by 1265?
107
Calculate the remainder when 132438 is divided by 4313.
3048
Calculate the remainder when 513175 is divided by 39472.
39
Calculate the remainder when 131947 is divided by 115.
42
What is the remainder when 70082847 is divided by 50?
47
What is the remainder when 80737 is divided by 26896?
49
Calculate the remainder when 2208074 is divided by 14.
8
What is the remainder when 129677 is divided by 1349?
173
Calculate the remainder when 9498858 is divided by 1187353.
34
What is the remainder when 41296131 is divided by 10324032?
3
What is the remainder when 2974871 is divided by 228800?
471
What is the remainder when 502250 is divided by 1237?
28
What is the remainder when 35657 is divided by 33483?
2174
Calculate the remainder when 1179113 is divided by 78607.
8
What is the remainder when 487649 is divided by 162402?
443
Calculate the remainder when 1030368 is divided by 125.
118
Calculate the remainder when 2636844 is divided by 113.
102
What is the remainder when 76804 is divided by 3763?
1544
What is the remainder when 45290343 is divided by 867?
864
What is the remainder when 2030854 is divided by 2030731?
123
Calculate the remainder when 825834 is divided by 14216.
1306
What is the remainder when 327263375 is divided by 7656?
7655
Calculate the remainder when 638925 is divided by 127783.
10
What is the remainder when 1340660 is divided by 335133?
128
What is the remainder when 55650 is divided by 11115?
75
Calculate the remainder when 6779729 is divided by 47.
26
Calculate the remainder when 9206596 is divided by 27.
1
What is the remainder when 545388 is divided by 1486?
26
Calculate the remainder when 169708955 is divided by 430.
425
What is the remainder when 947229 is divided by 3644?
3433
Calculate the remainder when 5712872 is divided by 1428011.
828
Calculate the remainder when 195430527 is divided by 311.
304
What is the remainder when 994800 is divided by 58?
42
What is the remainder when 14431 is divided by 13619?
812
What is the remainder when 3165 is divided by 451?
8
Calculate the remainder when 9403865 is divided by 391827.
17
What is the remainder when 1064321 is divided by 459?
359
Calculate the remainder when 612174 is divided by 8293.
6785
Calculate the remainder when 14163929 is divided by 2148.
17
What is the remainder when 5693523 is divided by 1206?
1203
Calculate the remainder when 1943821 is divided by 49799.
1660
Calculate the remainder when 30204058 is divided by 30.
28
Calculate the remainder when 34114998 is divided by 2772.
2766
What is the remainder when 1787558 is divided by 23834?
8
What is the remainder when 6124295 is divided by 8888?
463
What is the remainder when 27019 is divided by 13228?
563
What is the remainder when 11855 is divided by 1077?
8
Calculate the remainder when 6923679 is divided by 589.
573
What is the remainder when 103594551 is divided by 87?
84
Calculate the remainder when 804282 is divided by 1977.
1620
Calculate the remainder when 688541 is divided by 66.
29
Calculate the remainder when 17321 is divided by 1260.
941
What is the remainder when 24276613 is divided by 52?
49
What is the remainder when 12587 is divided by 11960?
627
What is the remainder when 22108528 is divided by 152?
128
What is the remainder when 107801333 is divided by 3030?
3023
Calculate the remainder when 685510 is divided by 3743.
541
Calculate the remainder when 121263797 is divided by 14.
11
Calculate the remainder when 12074611 is divided by 6037295.
21
What is the remainder when 2091797 is divided by 95?
87
What is the remainder when 52233135 is divided by 207?
204
Calculate the remainder when 374642 is divided by 1452.
26
Calculate the remainder when 125277 is divided by 125192.
85
Calculate the remainder when 174422 is divided by 331.
316
Calculate the remainder when 33417 is divided by 7982.
1489
What is the remainder when 819535 is divided by 435?
430
Calculate the remainder when 38661 is divided by 790.
741
Calculate the remainder when 16872 is divided by 3606.
2448
What is the remainder when 10427070 is divided by 177?
0
Calculate the remainder when 1456288 is divided by 23488.
32
Calculate the remainder when 20197201 is divided by 116.
93
Calculate the remainder when 15170827 is divided by 144.
139
Calculate the remainder when 839594473 is divided by 41.
40
Calculate the remainder when 56537101 is divided by 4681.
4664
What is the remainder when 1140002 is divided by 2221?
629
Calculate the remainder when 604080 is divided by 114.
108
Calculate the remainder when 19885 is divided by 5814.
2443
What is the remainder when 988239 is divided by 987764?
475
What is the remainder when 1653261 is divided by 236155?
176
Calculate the remainder when 33322196 is divided by 106.
36
Calculate the remainder when 10177261 is divided by 2035441.
56
Calculate the remainder when 1629617 is divided by 249.
161
Calculate the remainder when 285435 is divided by 472.
347
What is the remainder when 29080876 is divided by 584?
12
Calculate the remainder when 26316 is divided by 12244.
1828
What is the remainder when 2399553 is divided by 68558?
23
Calculate the remainder when 219808 is divided by 54787.
660
What is the remainder when 4234186 is divided by 179?
120
Calculate the remainder when 490070 is divided by 37209.
6353
Calculate the remainder when 156448473 is divided by 155.
153
Calculate the remainder when 3625540 is divided by 67139.
34
Calculate the remainder when 487368 is divided by 8137.
7285
Calculate the remainder when 1625046 is divided by 3277.
2931
What is the remainder when 23544987 is divided by 95?
92
What is the remainder when 153243246 is divided by 55?
46
What is the remainder when 2250200 is divided by 257?
165
What is the remainder when 1852463 is divided by 125?
88
What is the remainder when 205479 is divided by 51288?
327
Calculate the remainder when 687950 is divided by 731.
79
What is the remainder when 50904 is divided by 1486?
380
What is the remainder when 7183378 is divided by 6?
4
What is the remainder when 238337 is divided by 23197?
6367
Calculate the remainder when 10318617 is divided by 12.
9
What is the remainder when 30274 is divided by 15099?
76
What is the remainder when 15557069 is divided by 4508?
4469
Calculate the remainder when 4253985 is divided by 2741.
2694
Calculate the remainder when 9458746 is divided by 101.
96
What is the remainder when 1190729 is divided by 108225?
254
Calculate the remainder when 585750 is divided by 17.
15
Calculate the remainder when 15124257 is divided by 7998.
39
What is the remainder when 957777 is divided by 4093?
15
What is the remainder when 2554482 is divided by 204?
198
Calculate the remainder when 44559 is divided by 2726.
943
Calculat